{"id":148,"date":"2015-09-23T09:26:33","date_gmt":"2015-09-23T09:26:33","guid":{"rendered":"http:\/\/almenrausch-berglern.de\/WordPress_02\/?page_id=148"},"modified":"2015-09-23T10:33:05","modified_gmt":"2015-09-23T10:33:05","slug":"yarr-2-2-2-3","status":"publish","type":"page","link":"https:\/\/almenrausch-berglern.de\/WordPress_02\/ziele\/","title":{"rendered":"Ziele"},"content":{"rendered":"<style>\n.hl1  { font-family: Tahoma; font-weight: bolder; font-style: normal; font-size: 24pt;\n        text-align: left; color: #808000 }\n.hl3  { font-family: Tahoma; font-weight: bolder; font-size: 12pt;\n        text-align: left } \n.hl5  { font-family: Tahoma; font-weight: bolder; font-style: normal; font-size: 20pt;\n        color: #FF0000; text-align: left } \n.hk0  { font-family: Tahoma; font-weight: normal; font-style: normal; font-size: 8pt;\n        text-align: left } \n.hk1  { font-family: Tahoma; font-weight: bolder; font-style: normal; font-size: 8pt;\n        text-align: left } \n.hz1a { font-family: Tahoma; font-weight: bolder; font-style: normal; font-size: 24pt;\n        text-align: center; color: #808000 } \n<\/style>\n<p class=\"hl1\">Ziele<\/p>\n<p>Das Hauptziel unseres Vereines ist die F\u00f6rderung des Schiesssports. Die daraus resultierende gesellschaftlichen Aktivit\u00e4ten ergeben sich dabei zwangsl\u00e4ufig.<BR><br \/>\nUnsere Mitglieder, vor allem die Passiven, sind sich im Klaren dar\u00fcber, dass der Hauptteil ihrer Beitr\u00e4ge zur Unterst\u00fctzung und F\u00f6rderung der<br \/>\nsportlichen Aktivit\u00e4ten im Verein verwendet wird.<BR><br \/>\nDas Resultat unserer Bem\u00fchungen spiegelt sich in der Tatsache wieder, dass  wir<br \/>\njedes Jahr einige Mannschaften in den Wettkampfligen am Start haben.<\/p>\n<p>\nUnsere Spitzensch\u00fctzen nehmen erfolgreich an den Bayerischen Meisterschaften<br \/>\nteil.<\/p>\n<p>Wir freuen uns \u00fcber jedes Mitglied, das den Weg zu uns findet und sich in unsere Gemeinschaft einf\u00fcgen will.<BR><br \/>\nWir sind offen f\u00fcr die Zukunft und doch verbunden mit der Tradition.<BR><br \/>\nWie jeder Verein, sind wir gepr\u00e4gt und beeinflusst von seinen Mitgliedern.\n<\/p>\n<p class=\"hl3\">Wenn Sie neugierig geworden sind, kommen Sie doch auch einmal vorbei.<\/p>\n","protected":false},"excerpt":{"rendered":"<p>Ziele Das Hauptziel unseres Vereines ist die F\u00f6rderung des Schiesssports. Die daraus resultierende gesellschaftlichen Aktivit\u00e4ten ergeben sich dabei zwangsl\u00e4ufig. Unsere Mitglieder, vor allem die Passiven, sind sich im Klaren dar\u00fcber, dass der Hauptteil ihrer Beitr\u00e4ge zur Unterst\u00fctzung und F\u00f6rderung der <span class=\"excerpt-dots\">&hellip;<\/span> <a class=\"more-link\" href=\"https:\/\/almenrausch-berglern.de\/WordPress_02\/ziele\/\"><span class=\"more-msg\">Hier weiterlesen &#8230;<\/span><\/a><\/p>\n","protected":false},"author":1,"featured_media":0,"parent":0,"menu_order":0,"comment_status":"closed","ping_status":"closed","template":"paget-iframe.php","meta":{"ngg_post_thumbnail":0,"footnotes":""},"class_list":["post-148","page","type-page","status-publish","hentry"],"yoast_head":"<!-- This site is optimized with the Yoast SEO plugin v27.2 - https:\/\/yoast.com\/product\/yoast-seo-wordpress\/ -->\n<title>Ziele - SG Almenrausch Berglern e.V.<\/title>\n<meta name=\"robots\" content=\"index, follow, max-snippet:-1, max-image-preview:large, max-video-preview:-1\" \/>\n<link rel=\"canonical\" href=\"https:\/\/almenrausch-berglern.de\/WordPress_02\/ziele\/\" \/>\n<meta property=\"og:locale\" content=\"de_DE\" \/>\n<meta property=\"og:type\" content=\"article\" \/>\n<meta property=\"og:title\" content=\"Ziele - SG Almenrausch Berglern e.V.\" \/>\n<meta property=\"og:description\" content=\"Ziele Das Hauptziel unseres Vereines ist die F\u00f6rderung des Schiesssports. Die daraus resultierende gesellschaftlichen Aktivit\u00e4ten ergeben sich dabei zwangsl\u00e4ufig. Unsere Mitglieder, vor allem die Passiven, sind sich im Klaren dar\u00fcber, dass der Hauptteil ihrer Beitr\u00e4ge zur Unterst\u00fctzung und F\u00f6rderung der &hellip; Hier weiterlesen ...\" \/>\n<meta property=\"og:url\" content=\"https:\/\/almenrausch-berglern.de\/WordPress_02\/ziele\/\" \/>\n<meta property=\"og:site_name\" content=\"SG Almenrausch Berglern e.V.\" \/>\n<meta property=\"article:modified_time\" content=\"2015-09-23T10:33:05+00:00\" \/>\n<meta name=\"twitter:card\" content=\"summary_large_image\" \/>\n<meta name=\"twitter:label1\" content=\"Gesch\u00e4tzte Lesezeit\" \/>\n\t<meta name=\"twitter:data1\" content=\"1\u00a0Minute\" \/>\n<script type=\"application\/ld+json\" class=\"yoast-schema-graph\">{\"@context\":\"https:\/\/schema.org\",\"@graph\":[{\"@type\":\"WebPage\",\"@id\":\"https:\/\/almenrausch-berglern.de\/WordPress_02\/ziele\/\",\"url\":\"https:\/\/almenrausch-berglern.de\/WordPress_02\/ziele\/\",\"name\":\"Ziele - SG Almenrausch Berglern e.V.\",\"isPartOf\":{\"@id\":\"https:\/\/almenrausch-berglern.de\/WordPress_02\/#website\"},\"datePublished\":\"2015-09-23T09:26:33+00:00\",\"dateModified\":\"2015-09-23T10:33:05+00:00\",\"breadcrumb\":{\"@id\":\"https:\/\/almenrausch-berglern.de\/WordPress_02\/ziele\/#breadcrumb\"},\"inLanguage\":\"de\",\"potentialAction\":[{\"@type\":\"ReadAction\",\"target\":[\"https:\/\/almenrausch-berglern.de\/WordPress_02\/ziele\/\"]}]},{\"@type\":\"BreadcrumbList\",\"@id\":\"https:\/\/almenrausch-berglern.de\/WordPress_02\/ziele\/#breadcrumb\",\"itemListElement\":[{\"@type\":\"ListItem\",\"position\":1,\"name\":\"Startseite\",\"item\":\"https:\/\/almenrausch-berglern.de\/WordPress_02\/\"},{\"@type\":\"ListItem\",\"position\":2,\"name\":\"Ziele\"}]},{\"@type\":\"WebSite\",\"@id\":\"https:\/\/almenrausch-berglern.de\/WordPress_02\/#website\",\"url\":\"https:\/\/almenrausch-berglern.de\/WordPress_02\/\",\"name\":\"SG Almenrausch Berglern e.V.\",\"description\":\"\",\"potentialAction\":[{\"@type\":\"SearchAction\",\"target\":{\"@type\":\"EntryPoint\",\"urlTemplate\":\"https:\/\/almenrausch-berglern.de\/WordPress_02\/?s={search_term_string}\"},\"query-input\":{\"@type\":\"PropertyValueSpecification\",\"valueRequired\":true,\"valueName\":\"search_term_string\"}}],\"inLanguage\":\"de\"}]}<\/script>\n<!-- \/ Yoast SEO plugin. -->","yoast_head_json":{"title":"Ziele - SG Almenrausch Berglern e.V.","robots":{"index":"index","follow":"follow","max-snippet":"max-snippet:-1","max-image-preview":"max-image-preview:large","max-video-preview":"max-video-preview:-1"},"canonical":"https:\/\/almenrausch-berglern.de\/WordPress_02\/ziele\/","og_locale":"de_DE","og_type":"article","og_title":"Ziele - SG Almenrausch Berglern e.V.","og_description":"Ziele Das Hauptziel unseres Vereines ist die F\u00f6rderung des Schiesssports. Die daraus resultierende gesellschaftlichen Aktivit\u00e4ten ergeben sich dabei zwangsl\u00e4ufig. Unsere Mitglieder, vor allem die Passiven, sind sich im Klaren dar\u00fcber, dass der Hauptteil ihrer Beitr\u00e4ge zur Unterst\u00fctzung und F\u00f6rderung der &hellip; Hier weiterlesen ...","og_url":"https:\/\/almenrausch-berglern.de\/WordPress_02\/ziele\/","og_site_name":"SG Almenrausch Berglern e.V.","article_modified_time":"2015-09-23T10:33:05+00:00","twitter_card":"summary_large_image","twitter_misc":{"Gesch\u00e4tzte Lesezeit":"1\u00a0Minute"},"schema":{"@context":"https:\/\/schema.org","@graph":[{"@type":"WebPage","@id":"https:\/\/almenrausch-berglern.de\/WordPress_02\/ziele\/","url":"https:\/\/almenrausch-berglern.de\/WordPress_02\/ziele\/","name":"Ziele - SG Almenrausch Berglern e.V.","isPartOf":{"@id":"https:\/\/almenrausch-berglern.de\/WordPress_02\/#website"},"datePublished":"2015-09-23T09:26:33+00:00","dateModified":"2015-09-23T10:33:05+00:00","breadcrumb":{"@id":"https:\/\/almenrausch-berglern.de\/WordPress_02\/ziele\/#breadcrumb"},"inLanguage":"de","potentialAction":[{"@type":"ReadAction","target":["https:\/\/almenrausch-berglern.de\/WordPress_02\/ziele\/"]}]},{"@type":"BreadcrumbList","@id":"https:\/\/almenrausch-berglern.de\/WordPress_02\/ziele\/#breadcrumb","itemListElement":[{"@type":"ListItem","position":1,"name":"Startseite","item":"https:\/\/almenrausch-berglern.de\/WordPress_02\/"},{"@type":"ListItem","position":2,"name":"Ziele"}]},{"@type":"WebSite","@id":"https:\/\/almenrausch-berglern.de\/WordPress_02\/#website","url":"https:\/\/almenrausch-berglern.de\/WordPress_02\/","name":"SG Almenrausch Berglern e.V.","description":"","potentialAction":[{"@type":"SearchAction","target":{"@type":"EntryPoint","urlTemplate":"https:\/\/almenrausch-berglern.de\/WordPress_02\/?s={search_term_string}"},"query-input":{"@type":"PropertyValueSpecification","valueRequired":true,"valueName":"search_term_string"}}],"inLanguage":"de"}]}},"publishpress_future_action":{"enabled":false,"date":"2026-04-24 09:23:36","action":"change-status","newStatus":"draft","terms":[],"taxonomy":"","extraData":[]},"publishpress_future_workflow_manual_trigger":{"enabledWorkflows":[]},"_links":{"self":[{"href":"https:\/\/almenrausch-berglern.de\/WordPress_02\/wp-json\/wp\/v2\/pages\/148","targetHints":{"allow":["GET"]}}],"collection":[{"href":"https:\/\/almenrausch-berglern.de\/WordPress_02\/wp-json\/wp\/v2\/pages"}],"about":[{"href":"https:\/\/almenrausch-berglern.de\/WordPress_02\/wp-json\/wp\/v2\/types\/page"}],"author":[{"embeddable":true,"href":"https:\/\/almenrausch-berglern.de\/WordPress_02\/wp-json\/wp\/v2\/users\/1"}],"replies":[{"embeddable":true,"href":"https:\/\/almenrausch-berglern.de\/WordPress_02\/wp-json\/wp\/v2\/comments?post=148"}],"version-history":[{"count":0,"href":"https:\/\/almenrausch-berglern.de\/WordPress_02\/wp-json\/wp\/v2\/pages\/148\/revisions"}],"wp:attachment":[{"href":"https:\/\/almenrausch-berglern.de\/WordPress_02\/wp-json\/wp\/v2\/media?parent=148"}],"curies":[{"name":"wp","href":"https:\/\/api.w.org\/{rel}","templated":true}]}}